thousands digit of 6535?
6
What is the units digit of 82?
2
What is the ten thousands digit of 33448?
3
What is the thousands digit of 44135?
4
What is the hundreds digit of 6890?
8
What is the tens digit of 4627?
2
What is the hundreds digit of 29284?
2
What is the thousands digit of 2002?
2
What is the thousands digit of 9538?
9
What is the units digit of 676?
6
What is the units digit of 691?
1
What is the hundreds digit of 9726?
7
What is the hundreds digit of 225?
2
What is the hundreds digit of 2915?
9
What is the tens digit of 4644?
4
What is the units digit of 18407?
7
What is the ten thousands digit of 108454?
0
What is the tens digit of 296?
9
What is the units digit of 32129?
9
What is the tens digit of 30046?
4
What is the hundreds digit of 21391?
3
What is the tens digit of 855?
5
What is the tens digit of 50305?
0
What is the hundreds digit of 9524?
5
What is the thousands digit of 6761?
6
What is the hundreds digit of 6011?
0
What is the ten thousands digit of 18605?
1
What is the thousands digit of 1259?
1
What is the hundreds digit of 272?
2
What is the units digit of 22426?
6
What is the hundreds digit of 116209?
2
What is the tens digit of 75942?
4
What is the hundreds digit of 11199?
1
What is the ten thousands digit of 16143?
1
What is the units digit of 19955?
5
What is the tens digit of 91123?
2
What is the tens digit of 21788?
8
What is the hundreds digit of 103571?
5
What is the tens digit of 150?
5
What is the tens digit of 23302?
0
What is the hundreds digit of 15111?
1
What is the thousands digit of 1071?
1
What is the hundreds digit of 503?
5
What is the units digit of 267?
7
What is the units digit of 1303?
3
What is the hundreds digit of 29515?
5
What is the hundreds digit of 785?
7
What is the ten thousands digit of 67133?
6
What is the units digit of 33228?
8
What is the ten thousands digit of 22021?
2
What is the thousands digit of 8501?
8
What is the units digit of 10473?
3
What is the hundreds digit of 2434?
4
What is the hundreds digit of 50991?
9
What is the thousands digit of 22508?
2
What is the hundreds digit of 7779?
7
What is the hundreds digit of 636?
6
What is the thousands digit of 5259?
5
What is the tens digit of 73835?
3
What is the units digit of 80628?
8
What is the hundreds digit of 1179?
1
What is the tens digit of 1633?
3
What is the units digit of 19247?
7
What is the tens digit of 1657?
5
What is the thousands digit of 26748?
6
What is the tens digit of 9528?
2
What is the tens digit of 32113?
1
What is the tens digit of 4304?
0
What is the hundreds digit of 133?
1
What is the tens digit of 1112?
1
What is the units digit of 18778?
8
What is the thousands digit of 3652?
3
What is the units digit of 1344?
4
What is the thousands digit of 3473?
3
What is the hundreds digit of 2671?
6
What is the tens digit of 2327?
2
What is the units digit of 13349?
9
What is the hundreds digit of 1383?
3
What is the hundreds digit of 17705?
7
What is the thousands digit of 1903?
1
What is the tens digit of 1027?
2
What is the units digit of 21574?
4
What is the units digit of 1317?
7
What is the tens digit of 23803?
0
What is the thousands digit of 4698?
4
What is the hundreds digit of 58254?
2
What is the hundreds digit of 943?
9
What is the units digit of 2206?
6
What is the tens digit of 883?
8
What is the units digit of 2452?
2
What is the hundreds digit of 1742?
7
What is the thousands digit of 32497?
2
What is the thousands digit of 57117?
7
What is the hundreds digit of 26386?
3
What is the thousands digit of 1580?
1
What is the thousands digit of 6827?
6
What is the thousands digit of 13632?
3
What is the tens digit of 4742?
4
What is the tens digit of 828?
2
What is the units digit of 5097?
7
What is the hundreds digit of 280?
2
What is the tens digit of 3545?
4
What is the hundreds digit of 8683?
6
What is the units digit of 13511?
1
What is the thousands digit of 41210?
1
What is the hundreds digit of 296?
2
What is the tens digit of 3017?
1
What is the tens digit of 748?
4
What is the tens digit of 5010?
1
What is the units digit of 682?
2
What is the tens digit of 561?
6
What is the tens digit of 93912?
1
What is the units digit of 3?
3
What is the units digit of 1194?
4
What is the units digit of 92041?
1
What is the units digit of 24753?
3
What is the hundreds digit of 3577?
5
What is the hundreds digit of 6605?
6
What is the thousands digit of 21283?
1
What is the hundreds digit of 15632?
6
What is the hundreds digit of 92015?
0
What is the ten thousands digit of 39357?
3
What is the hundreds digit of 1322?
3
What is the thousands digit of 4950?
4
What is the ten thousands digit of 17366?
1
What is the thousands digit of 1258?
1
What is the tens digit of 2357?
5
What is the tens digit of 548?
4
What is the units digit of 70278?
8
What is the units digit of 3211?
1
What is the units digit of 1543?
3
What is the ten thousands digit of 88420?
8
What is the hundreds digit of 110?
1
What is the tens digit of 1363?
6
What is the tens digit of 168436?
3
What is the tens digit of 30453?
5
What is the ten thousands digit of 85154?
8
What is the units digit of 3193?
3
What is the ten thousands digit of 76223?
7
What is the thousands digit of 1054?
1
What is the thousands digit of 8646?
8
What is the tens digit of 39982?
8
What is the units digit of 11558?
8
What is the tens digit of 1866?
6
What is the tens digit of 5429?
2
What is the hundreds digit of 4658?
6
What is the thousands digit of 50294?
0
What is the thousands digit of 3469?
3
What is the tens digit of 549?
4
What is the tens digit of 20431?
3
What is the units digit of 9749?
9
What is the tens digit of 3206?
0
What is the hundreds digit of 1017?
0
What is the units digit of 3303?
3
What is the units digit of 388?
8
What is the tens digit of 1297?
9
What is the hundreds digit of 119035?
0
What is the thousands digit of 7066?
7
What is the units digit of 8728?
8
What is the units digit of 10249?
9
What is the hundreds digit of 578?
5
What is the tens digit of 17700?
0
What is the ten thousands digit of 16144?
1
What is the hundreds digit of 7791?
7
What is the thousands digit of 2084?
2
What is the thousands digit of 2132?
2
What is the tens digit of 1379?
7
What is the units digit of 6182?
2
What is the units digit of 555?
5
What is the units digit of 2207?
7
What is the units digit of 998?
8
What is the hundreds digit of 63614?
6
What is the tens digit of 45715?
1
What is the hundreds digit of 11473?
4
What is the thousands digit of 1503?
1
What is the hundreds digit of 718?
7
What is the hundreds digit of 2330?
3
What is the tens digit of 2554?
5
What is the hundreds digit of 2038?
0
What is the ten thousands digit of 35513?
3
What is the thousands digit of 8666?
8
What is the units digit of 2009?
9
What is the tens digit of 5957?
5
What is the units digit of 71537?
7
What is the units digit of 232?
2
What is the tens digit of 1962?
6
What is the units digit of 1861?
1
What is the units digit of 934?
4
What is the thousands digit of 2047?
2
What is the units digit of 207?
7
What is the thousands digit of 2021?
2
What is the tens digit of 105?
0
What is the units digit of 6633?
3
What is the tens digit of 25953?
5
What is the tens digit of 853?
5
What is the units digit of 3508?
8
What is the hundreds digit of 2382?
3
What is the hundreds digit of 6084?
0
What is the ten thousands digit of 28838?
2
What is the units digit of 584?
4
What is the hundreds digit of 1045?
0
What is the tens digit of 22695?
9
What is the units digit of 6783?
3
What is the thousands digit of 3858?
3
What is the hundreds digit of 110729?
7
What is the hundreds digit of 2986?
9
What is the thousands digit of 4490?
4
What is the tens digit of 528?
2
What is the hundreds digit of 33969?
9
What is the tens digit of 541?
4
What is the thousands digit of 7549?
7
What is the ten thousands digit of 32370?
3
What is the hundreds digit of 42350?
3
What is the units digit of 1750?
0
What is the ten thousands digit of 10431?
1
What is the units digit of 11119?
9
What is the units digit of 40000?
0
What is the units digit of 698?
8
What is the tens digit of 3833?
3
What is the tens digit of 647?
4
What is the thousands digit of 39169?
9
What is the thousands digit of 1